{"id":307,"date":"2025-01-19T15:26:21","date_gmt":"2025-01-19T18:26:21","guid":{"rendered":"https:\/\/abiauto.com.br\/?page_id=307"},"modified":"2025-01-20T16:03:54","modified_gmt":"2025-01-20T19:03:54","slug":"novidades","status":"publish","type":"page","link":"https:\/\/abiauto.com.br\/index.php\/novidades\/","title":{"rendered":"Novidades"},"content":{"rendered":"\n\n<ul class=\"wp-block-latest-posts__list has-dates wp-block-latest-posts\"><li><a class=\"wp-block-latest-posts__post-title\" href=\"https:\/\/abiauto.com.br\/index.php\/2025\/12\/04\/volkswagen-tera-e-o-grande-vencedor-do-27o-premio-imprensa-automotiva\/\">Volkswagen Tera \u00e9 o grande vencedor do 27\u00ba Pr\u00eamio Imprensa Automotiva<\/a><time datetime=\"2025-12-04T21:53:27-03:00\" class=\"wp-block-latest-posts__post-date\">4 de dezembro de 2025<\/time><\/li>\n<li><a class=\"wp-block-latest-posts__post-title\" href=\"https:\/\/abiauto.com.br\/index.php\/2025\/01\/30\/nota-de-pesar-abiauto-se-despede-de-luiz-carlos-secco\/\">Nota de pesar: ABIAUTO se despede de Luiz Carlos Secco<\/a><time datetime=\"2025-01-30T21:51:04-03:00\" class=\"wp-block-latest-posts__post-date\">30 de janeiro de 2025<\/time><\/li>\n<li><a class=\"wp-block-latest-posts__post-title\" href=\"https:\/\/abiauto.com.br\/index.php\/2024\/12\/05\/abiauto-divulga-album-de-fotos-do-premio-imprensa-automotiva-2024-eternizando-os-melhores-do-ano\/\">ABIAUTO divulga \u00e1lbum de fotos do Pr\u00eamio Imprensa Automotiva 2024, eternizando os melhores do ano<\/a><time datetime=\"2024-12-05T18:35:38-03:00\" class=\"wp-block-latest-posts__post-date\">5 de dezembro de 2024<\/time><\/li>\n<li><a class=\"wp-block-latest-posts__post-title\" href=\"https:\/\/abiauto.com.br\/index.php\/2024\/11\/30\/abiauto-premio-imprensa-automotiva-2023-divulga-os-vencedores-em-sua-25a-edicao\/\">ABIAUTO \u2013 Pr\u00eamio Imprensa Automotiva 2023 divulga os vencedores em sua 25\u00aa edi\u00e7\u00e3o<\/a><time datetime=\"2024-11-30T18:56:00-03:00\" class=\"wp-block-latest-posts__post-date\">30 de novembro de 2024<\/time><\/li>\n<li><a class=\"wp-block-latest-posts__post-title\" href=\"https:\/\/abiauto.com.br\/index.php\/2023\/11\/29\/abiauto-lanca-album-de-fotos-da-25a-edicao-do-premio-imprensa-automotiva-celebrando-os-melhores-de-2023\/\">ABIAUTO lan\u00e7a \u00e1lbum de fotos da 25\u00aa edi\u00e7\u00e3o do Pr\u00eamio Imprensa Automotiva, celebrando os melhores de 2023<\/a><time datetime=\"2023-11-29T18:47:00-03:00\" class=\"wp-block-latest-posts__post-date\">29 de novembro de 2023<\/time><\/li>\n<li><a class=\"wp-block-latest-posts__post-title\" href=\"https:\/\/abiauto.com.br\/index.php\/2022\/12\/30\/abiauto-divulga-album-de-fotos-do-premio-imprensa-automotiva-2022-com-fiat-fastback-e-triumph-tiger-660-como-grandes-vencedores\/\">ABIAUTO divulga \u00e1lbum de fotos do Pr\u00eamio Imprensa Automotiva 2022, com Fiat Fastback e Triumph Tiger 660 como grandes vencedores<\/a><time datetime=\"2022-12-30T19:04:00-03:00\" class=\"wp-block-latest-posts__post-date\">30 de dezembro de 2022<\/time><\/li>\n<li><a class=\"wp-block-latest-posts__post-title\" href=\"https:\/\/abiauto.com.br\/index.php\/2021\/12\/30\/abiauto-lanca-album-de-fotos-do-premio-imprensa-automotiva-2021-relembrando-os-melhores-do-ano-em-meio-a-pandemia\/\">ABIAUTO lan\u00e7a \u00e1lbum de fotos do Pr\u00eamio Imprensa Automotiva 2021, relembrando os melhores do ano em meio \u00e0 pandemia<\/a><time datetime=\"2021-12-30T19:08:00-03:00\" class=\"wp-block-latest-posts__post-date\">30 de dezembro de 2021<\/time><\/li>\n<li><a class=\"wp-block-latest-posts__post-title\" href=\"https:\/\/abiauto.com.br\/index.php\/2020\/12\/12\/2020-conheca-os-vencedores-do-22o-premio-imprensa-automotiva-abiauto\/\">2020 &#8211; Conhe\u00e7a os vencedores do 22\u00ba Pr\u00eamio Imprensa Automotiva ABIAUTO<\/a><time datetime=\"2020-12-12T11:53:00-03:00\" class=\"wp-block-latest-posts__post-date\">12 de dezembro de 2020<\/time><\/li>\n<li><a class=\"wp-block-latest-posts__post-title\" href=\"https:\/\/abiauto.com.br\/index.php\/2013\/12\/10\/2013-ford-e-triumph-brilham-no-15o-premio-imprensa-automotiva-da-abiauto\/\">2013 &#8211; Ford e Triumph brilham no 15\u00ba Pr\u00eamio Imprensa Automotiva da ABIAUTO<\/a><time datetime=\"2013-12-10T15:19:00-02:00\" class=\"wp-block-latest-posts__post-date\">10 de dezembro de 2013<\/time><\/li>\n<\/ul>","protected":false},"excerpt":{"rendered":"","protected":false},"author":1,"featured_media":0,"parent":0,"menu_order":0,"comment_status":"closed","ping_status":"closed","template":"","meta":{"neve_meta_sidebar":"","neve_meta_container":"","neve_meta_enable_content_width":"","neve_meta_content_width":0,"neve_meta_title_alignment":"","neve_meta_author_avatar":"","neve_post_elements_order":"","neve_meta_disable_header":"","neve_meta_disable_footer":"","neve_meta_disable_title":"","footnotes":""},"class_list":["post-307","page","type-page","status-publish","hentry"],"_links":{"self":[{"href":"https:\/\/abiauto.com.br\/index.php\/wp-json\/wp\/v2\/pages\/307","targetHints":{"allow":["GET"]}}],"collection":[{"href":"https:\/\/abiauto.com.br\/index.php\/wp-json\/wp\/v2\/pages"}],"about":[{"href":"https:\/\/abiauto.com.br\/index.php\/wp-json\/wp\/v2\/types\/page"}],"author":[{"embeddable":true,"href":"https:\/\/abiauto.com.br\/index.php\/wp-json\/wp\/v2\/users\/1"}],"replies":[{"embeddable":true,"href":"https:\/\/abiauto.com.br\/index.php\/wp-json\/wp\/v2\/comments?post=307"}],"version-history":[{"count":8,"href":"https:\/\/abiauto.com.br\/index.php\/wp-json\/wp\/v2\/pages\/307\/revisions"}],"predecessor-version":[{"id":352,"href":"https:\/\/abiauto.com.br\/index.php\/wp-json\/wp\/v2\/pages\/307\/revisions\/352"}],"wp:attachment":[{"href":"https:\/\/abiauto.com.br\/index.php\/wp-json\/wp\/v2\/media?parent=307"}],"curies":[{"name":"wp","href":"https:\/\/api.w.org\/{rel}","templated":true}]}}

<ul class="wp-block-latest-posts__list has-dates wp-block-latest-posts"><li><a class="wp-block-latest-posts__post-title" href="https://abiauto.com.br/index.php/2025/12/04/volkswagen-tera-e-o-grande-vencedor-do-27o-premio-imprensa-automotiva/">Volkswagen Tera é o grande vencedor do 27º Prêmio Imprensa Automotiva</a><time datetime="2025-12-04T21:53:27-03:00" class="wp-block-latest-posts__post-date">4 de dezembro de 2025</time></li>
<li><a class="wp-block-latest-posts__post-title" href="https://abiauto.com.br/index.php/2025/01/30/nota-de-pesar-abiauto-se-despede-de-luiz-carlos-secco/">Nota de pesar: ABIAUTO se despede de Luiz Carlos Secco</a><time datetime="2025-01-30T21:51:04-03:00" class="wp-block-latest-posts__post-date">30 de janeiro de 2025</time></li>
<li><a class="wp-block-latest-posts__post-title" href="https://abiauto.com.br/index.php/2024/12/05/abiauto-divulga-album-de-fotos-do-premio-imprensa-automotiva-2024-eternizando-os-melhores-do-ano/">ABIAUTO divulga álbum de fotos do Prêmio Imprensa Automotiva 2024, eternizando os melhores do ano</a><time datetime="2024-12-05T18:35:38-03:00" class="wp-block-latest-posts__post-date">5 de dezembro de 2024</time></li>
<li><a class="wp-block-latest-posts__post-title" href="https://abiauto.com.br/index.php/2024/11/30/abiauto-premio-imprensa-automotiva-2023-divulga-os-vencedores-em-sua-25a-edicao/">ABIAUTO – Prêmio Imprensa Automotiva 2023 divulga os vencedores em sua 25ª edição</a><time datetime="2024-11-30T18:56:00-03:00" class="wp-block-latest-posts__post-date">30 de novembro de 2024</time></li>
<li><a class="wp-block-latest-posts__post-title" href="https://abiauto.com.br/index.php/2023/11/29/abiauto-lanca-album-de-fotos-da-25a-edicao-do-premio-imprensa-automotiva-celebrando-os-melhores-de-2023/">ABIAUTO lança álbum de fotos da 25ª edição do Prêmio Imprensa Automotiva, celebrando os melhores de 2023</a><time datetime="2023-11-29T18:47:00-03:00" class="wp-block-latest-posts__post-date">29 de novembro de 2023</time></li>
<li><a class="wp-block-latest-posts__post-title" href="https://abiauto.com.br/index.php/2022/12/30/abiauto-divulga-album-de-fotos-do-premio-imprensa-automotiva-2022-com-fiat-fastback-e-triumph-tiger-660-como-grandes-vencedores/">ABIAUTO divulga álbum de fotos do Prêmio Imprensa Automotiva 2022, com Fiat Fastback e Triumph Tiger 660 como grandes vencedores</a><time datetime="2022-12-30T19:04:00-03:00" class="wp-block-latest-posts__post-date">30 de dezembro de 2022</time></li>
<li><a class="wp-block-latest-posts__post-title" href="https://abiauto.com.br/index.php/2021/12/30/abiauto-lanca-album-de-fotos-do-premio-imprensa-automotiva-2021-relembrando-os-melhores-do-ano-em-meio-a-pandemia/">ABIAUTO lança álbum de fotos do Prêmio Imprensa Automotiva 2021, relembrando os melhores do ano em meio à pandemia</a><time datetime="2021-12-30T19:08:00-03:00" class="wp-block-latest-posts__post-date">30 de dezembro de 2021</time></li>
<li><a class="wp-block-latest-posts__post-title" href="https://abiauto.com.br/index.php/2020/12/12/2020-conheca-os-vencedores-do-22o-premio-imprensa-automotiva-abiauto/">2020 &#8211; Conheça os vencedores do 22º Prêmio Imprensa Automotiva ABIAUTO</a><time datetime="2020-12-12T11:53:00-03:00" class="wp-block-latest-posts__post-date">12 de dezembro de 2020</time></li>
<li><a class="wp-block-latest-posts__post-title" href="https://abiauto.com.br/index.php/2013/12/10/2013-ford-e-triumph-brilham-no-15o-premio-imprensa-automotiva-da-abiauto/">2013 &#8211; Ford e Triumph brilham no 15º Prêmio Imprensa Automotiva da ABIAUTO</a><time datetime="2013-12-10T15:19:00-02:00" class="wp-block-latest-posts__post-date">10 de dezembro de 2013</time></li>
</ul>
